 + -8
-4
What is 0 + -7 + 11 - 5?
-1
5 - (1 + 8 + -9)
5
Evaluate 1 - 3 - (-7 + 3 - -7).
-5
Evaluate (0 - -2) + -6 - (11 - 20).
5
Calculate -2 + 3 + (-2 - 0) - -5.
4
Evaluate (-8 - -22) + -5 + 2 + -6.
5
Calculate (4 + (-1 - 0) - 2) + 1.
2
Evaluate -6 + -1 + (3 + 0 - -1).
-3
(-11 - -7) + 1 + -3 + 5
-1
Evaluate 3 + 0 + -8 - (-14 + 15).
-6
What is 0 + (8 - 1) + (7 - 11)?
3
-2 - ((-1 - -2) + -7)
4
Evaluate (-1 - 3) + (88 - 79).
5
Evaluate 1 + (-13 - -8) + 4 + 1.
1
What is the value of 0 + ((7 - 4) + -8 - -6)?
1
(-3 - 2) + (-5 - 0) + 8
-2
Calculate (12 - (-5 + 7) - 6) + 1.
5
Evaluate -8 - (-5 - 0) - -4.
1
(-4 - (-3 - -1)) + -1 + -2
-5
What is the value of -111 + 108 + -3 + 1 + 10?
5
What is 2 + 3 - (-9 - -4 - -11)?
-1
Calculate -4 + (6 - 8 - (-11 - 1)).
6
What is 3 + -1 + -3 + 4?
3
Calculate -1 - -3 - (12 - 8) - 2.
-4
What is -7 + (7 - (1 + -3 - -5))?
-3
What is the value of 4 + (2 - (13 + -2)) - -4?
-1
-7 - (0 - 4) - -5
2
What is the value of 2 - (-1 + 2) - (2 - 3)?
2
-2 - -9 - (4 - (4 - 10))
-3
Calculate (13 - 16) + 3 + -3 + 6.
3
Evaluate -1 - -10 - (-6 - -6).
9
Evaluate -8 - (-11 + 14 + -15).
4
-2 + (4 - (11 + -4))
-5
Calculate (5 + -8 + -2 - 1) + 2.
-4
What is 1 + -3 + 3 + -1?
0
Evaluate 3 - (2 + (-8 - -4)).
5
Evaluate 1 - 2 - (1 + -5).
3
What is the value of -8 + 5 + 4 + 3?
4
11 - (-10 + 28) - 0
-7
What is the value of 3 + -8 - (1 - 5)?
-1
What is the value of 2 + (-1 - 1) - (14 + -15)?
1
Evaluate 0 + 8 - (28 - 19).
-1
What is the value of -1 + (-2 - -3) - (2 - 3)?
1
(-4 - (-6 - -2)) + -2 + -2
-4
(-2 - -11) + (4 - 8)
5
What is 0 + -2 + 1 + -3?
-4
What is the value of -3 - (-7 + 0 + 1)?
3
What is the value of -3 + 3 + 0 - (0 + -3)?
3
Calculate 8 - (-7 - -21) - -4.
-2
Calculate -11 - (-17 - -9 - (0 + -3)).
-6
Evaluate 2 + 0 + (3 - 0).
5
Calculate -1 - (-2 + -1 + 8 + -8).
2
Evaluate -48 + 59 + (-2 - 2).
7
Calculate 22 + -44 + 20 - (-1 + 9).
-10
Calculate (-1 - -5) + (-1 - -1).
4
-3 - (-18 + (4 - -2) - 0)
9
Calculate 22 + -22 + 0 + -2 + 0.
-2
Calculate -3 - (0 - (-4 - -3)).
-4
Calculate 3 - ((8 - 4) + -1).
0
What is 1 - (7 - 10 - -3)?
1
What is the value of (-9 - 0) + (0 - -5)?
-4
Evaluate -7 + 3 + 1 - 1.
-4
6 + (4 + -5 - 20) - -6
-9
Calculate 4 - (0 - (4 - 3)).
5
-2 + -2 + 0 - -1
-3
Calculate 4 + -1 + 1 + (-13 - -10).
1
Evaluate 2 - (-4 + (8 - 3)).
1
What is the value of -6 - (-5 + 7 - 5)?
-3
-3 + 1 + 1 + 1 + -4
-4
Calculate 6 + (-5 - (7 - 7)).
1
-3 + 6 + -3 - 1
-1
Evaluate 2 - (1 - 1) - (4 - -2).
-4
What is the value of 6 - (4 + 5 + -11 + 8)?
0
Calculate 7 - (3 - (2 + 2 + -3)).
5
Calculate -5 + 7 + 2 + -4.
0
What is the value of -2 - (-5 - (0 - 6) - -4)?
-7
Calculate 1 + (4 - 9) + 3.
-1
Calculate (-3 - (-6 + -2) - 5) + -1.
-1
Calculate -2 - (0 + -1) - (-32 + 30).
1
What is the value of 3 - (6 - 5) - 4?
-2
Evaluate -1 + -1 + 11 + -12 - 0.
-3
(7 - -1) + (-23 + 44 - 21)
8
What is -2 + -2 + -2 - (32 - 34)?
-4
What is 3 + 0 + -3 + 0?
0
What is 2 + 2 + -2 - (3 + -2)?
1
Evaluate (16 - 15) + 0 + 3.
4
What is -2 - 5 - (8 + -10)?
-5
1 + 15 + -14 - (0 + 4)
-2
Calculate 1 - (3 + 0 + 0).
-2
What is the value of 0 + 2 - (2 - -1)?
-1
Evaluate (4 - 5) + -4 + 0 + 0.
-5
Evaluate 11 - (-2 - (-16 + 11)).
8
What is the value of 18 - (10 - (2 + 4 - 4))?
10
-8 - (-14 + -6) - 10
2
Calculate (-11 + 8 - 1) + -4.
-8
Calculate 14 - (20 - 10 - 3).
7
Calculate 0 + (-4 - -2 - (-7 + 6)).
-1
What is (-1 + -1 - -4) + 1?
3
Calculate -125 + 119 + (1 + -2 - -4).
-3
Evaluate -5 + (5 - -4) + -3 - 3.
-2
(0 - (7 - 7)) + -2 + 2
0
What is the value of -5 - (-2 + 1 + -2)?
-2
Evaluate 2 - (-7 - (-11 - -10)).
8
Evaluate -2 + 9 + -13 + 12.
6
5 + (-6 - (-12 - -6)) + -2
3
3 - (13 + -5 + -2)
-3
What is -3 - 2 - (-4 + 5 - 1)?
-5
Calculate 1 + -4 + 11 + -5.
3
-5 + (-8 - (-2 + -11))
0
What is -5 - ((-3 - 9) + 4)?
3
What is 3 + (-9 - (-2 - (4 + -5)))?
-5
1 + -3 - (-1 + -17 + 7)
9
Calculate -11 - -12 - (5 + 1 + -3).
-2
What is 3 + 1 + (-5 - -3 - -2)?
4
Evaluate -4 - -5 - -5 - 2.
4
Calculate -1 + 1 + (-13 - -14).
1
What is the value of 3 + (2 + -2 - 5)?
-2
What is the value of 0 + (-8 - -4 - 2) - -2?
-4
What is the value of -8 - (-6 - -3 - 0)?
-5
8 + -6 + (-1 - (-3 + -2))
6
Calculate -3 + -5 + 4 + 2.
-2
What is 0 + -1 - (-6 + (1 - -4))?
0
What is the value of -4 - -7 - (-1 + 4)?
0
What is (5 - -1 - 0) + -6?
0
What is the value of (-10 + 7 - (0 + 0)) + 2?
-1
Evaluate 0 - (-2 + (3 - (0 - -4))).
3
What is -6 - (1 + -9 + 4)?
-2
What is the value of 2 - (2 - (-3 + 5))?
2
Calculate (4 - (-3 + -3)) + -5.
5
Evaluate -2 - 0 - (-11 - -12).
-3
0 - ((-7 - -14) + -5)
-2
What is the value of 2 - (0 + 6 - 3)?
-1
What is the value of -6 - (-5 - -5 - 2 - -1)?
-5
Calculate 3 - (-1 + -3 + 3 - -6).
-2
What is 22 + -19 + -7 + -1 - 0?
-5
What is (-1 - 1 - (4 - 3)) + -2?
-5
Calculate (-1 - 2) + 8 - (-3 - -13).
-5
Calculate 1 - (6 + (-16 - -9)).
2
What is the value of (2 - (-1 - -1)) + 2 + -10?
-6
What is the value of (16 - 10) + (2 - 1) + -3?
4
What is (-4 - -12) + -5 - 3?
0
What is the value of (0 - 1 - 1) + 5 + -1?
2
-13 + 13 - (-4 - 0 - -1)
3
What is 2 + -5 - -4 - (1 + -3)?
3
What is -3 + 4 + 5 + -3 - 4?
-1
6 + -5 + -6 - -1
-4
What is -12 - -16 - (0 + 2)?
2
Calculate (-4 - 3 - -4) + 8.
5
What is the value of 2 - (-4 + (1 - (0 + -1)))?
4
What is 1 - (3 - 1) - 4?
-5
0 + 3 + (3 + -1 - 0)
5
Calculate 3 - ((1 - 3) + -3 + 4).
4
Evaluate 47 - 41 - (-1 - -11).
-4
What is the value of 0 + 2 - 0 - (20 - 12)?
-6
(-3 - -1 - 2) + 4
0
Evaluate 3 + (-4 - -1 - -3) + -4.
-1
Calculate 2 - (2 - -7) - -2.
-5
What is (5 - 3) + 1 + 1 + -1?
3
What is the value of 1 - 2 - (11 - 12) - -1?
1
What is (-6 - (-8 - -3)) + (1 - -4)?
4
What is the value of (0 - 2) + 1 - (-57 - -57)?
-1
Evaluate 2 - (-8 - -15 - (2 + 6)).
3
What is the value of (18 - 26) + (2 - -2) + -4?
-8
What is the value of 1 + 5 + -2 + (2 - 1)?
5
8 - 7 - (7 + -1)
-5
9 + -6 + 0 + -7
-4
What is (-3 - -5) + 1 - 3?
0
Evaluate (4 - 1) + -4 + 4.
3
What is the value of -17 - -9 - -2 - -4?
-2
Evaluate (1 - -1) + 1 + -1.
2
(4 + -9 - 4) + 5 + 6
2
9 - (-12 + (-1 - -14))
8
9 + 0 + 13 + -7 + -12
3
Evaluate -1 - (-1 + -4) - (1 - -2).
1
What is 3 - (-6 + (-2 - -6) + -2)?
7
Evaluate (-4 - 1) + (-1 - -4).
-2
What is the value of 3 + (-4 + 10 - (25 + -5))?
-11
What is 11 + (-2 - 0) - 4?
5
What is -3 - (1 - -1) - -10?
5
Calculate 0 + -1 - (-8 - -5 - 1).
3
Calculate -12 + (-4 - -13) + 0.
-3
What is the value of 7 - ((7 - 3 - 0) + 0)?
3
What is the value of -2 + 6 + -3 + -3?
-2
Calculate (1 - -8 - 6) + 3.
6
Calculate (0 + -4 - -2) + -4 + 3.
-3
0 + -32 + 32 + (-2 - -1)
-1
What is the value of (3 - 11) + (25 - 24)?
-7
0 + -11 - -16 - 10
-5
What is 1 + (1 - -1) + (-1 - 4)?
-2
What is 0 + -2 + (4 - 0) - 3?
-1
Evaluate -5 - (-3 + -4 - (-8 - -5)).
-1
(-3 - -5 - -1) + -3
0
What is 5 + -29 - (-10 - 4)?
-10
What is the value of 2 + 1 + -4 + 4?
3
Evaluate 0 - 2 - (23 + -20).
-5
(-4 - (-3 + -2)) + 2
3
Evaluate -1 - -6 - (-4 - -6) - 0.
3
Calculate (3 - 2) + 1 - (-29 + 33).
-2
Calculate 4 - (-10 + 13 + 11).
-10
(-4 - 0) + -2 - (-4 + -1)
-1
Calculate 2 + -10 + (2 - 5).
-11
2 + (-5 - (-1 + -4)) - 7
-5
Calculate -3 - (-3 + 2 + 3).
-5
What is 9 - ((19 - 21) + (-1 - -6))?
6
1 - 11 - -1 - -4
-5
(2 - -1) + (-3 - (-1 - 4))
5
What is the value of -5 - (-8 - (1 - 3))?
1
Evaluate 5 - (0 - (1 - 6)).
0
0 + -2 + 0 + 2 + 0
0
What is the value of (0 - (0 - (-4 - -3))) + -4?
-5
Calculate (-7 - (-7 - 4)) + -1 + -5.
-2
What is 3 + -1 + -87 + 85?
0
What is -3 + (5 - 4) + 1?
-1
Evaluate 4 + -2 + -2 - (-1 - 2).
3
Calculate -9 + 4 + 0 + 3.
-2
(0 + -7 - -11) + 2
6
What is (-1 - -1) + 16 + (11 - 23)?
4
What is the value of (7 - (27 + -13)) + -3?
-10
Calculate 7 - 3 - (16 + -8 + -4).
0
Calculate (2 - 1) + (5 - 14) + 2.
-6
What is the value of -2 - (3 + -4 + 0)?
-1
What is the value of -16 + -5 + 10 - -12?
1
Evaluate (1 - (-3 - -4 - 3)) + -6.
-3
Evaluate -1 + -6 + 9 + -3 + -5.
-6
-9 + 4 - (12 - 9)
-8
What is the value of (8 - (1 + 3)) + (-5 - -1)?
0
-2 - (1 + 3 + -2)
-4
What is the value of 52 + -49 + (-5 - (1 - 3))?
0
Calculate -7 - (-7 - 4) - (6 - -3).
-5
What is the value of -9 + 13 + (1 + -6 - 0)?
-1
-7 + 11 + -6 + (-1 - -2)
-1
What is the value of -15 + 6 + 11 - -7?
9
Evaluate -1 + 5 + (-4 - 0).
0
3 + (0 - 4) + 1
0
5 + 1 + (18 - 19)
5
Evaluate (-2 - -1 - -16) + -4 + -6.
5
Calculate -3 - (3 + (2 - 4)).
-4
0 + -5 - (-7 + 4)
-2
What is